
2, 5, 11
Let s(j) = 10*j + 54. Let v be s(-5). Suppose c + 920 = r, 2146 = v*r + 4*c - 1574. List the prime factors of r.
5, 37
Suppose 0 = 2*l + l. Suppose 2*c - 5*t - 502 = 0, l = -c - 0*c + 4*t + 251. Suppose -5*f = 3*g - c, -g - 2*f + 266 = 2*g. List the prime factors of g.
2, 23
Let y be (-7)/(-3)*(-162)/(-189). What are the prime factors of (-6)/(y*(1722/576 - 3))?
2, 3
Let t(i) = i**3 - 18*i**2 - 6*i - 26. Let z(o) = -o**3 + o**2 - 3*o - 1. Let m(v) = t(v) + 2*z(v). List the prime factors of m(-16).
2, 41
Suppose -3 + 0 = 3*z, 2*m = -3*z + 143. Suppose -4*g + 2*j = -200, 21*g - 17*g - 200 = -j. Let t = m + g. List the prime factors of t.
3, 41
Let l = -4500 + 3015. What are the prime factors of -1 - (48/(-15))/((-9)/l)?
17, 31
Let o(q) = -6*q**3 - q**2 - 10*q - 7. Suppose -24 = -3*f - 36. List the prime factors of o(f).
401
Suppose 0 = 4*f + y - 97, 4*y - 3*y - 1 = 0. Suppose -l - f = -679. What are the prime factors of l?
5, 131
Let l be 1968/(-16)*(-35)/3. Suppose -5*h = -5*m - l, 3*h - 4*m = 7*h - 1116. What are the prime factors of h?
283
Suppose 12*z + 19*z + 47*z = 2788812. List the prime factors of z.
2, 3, 59, 101
Suppose 16*i = 31*i - 14640. Suppose 23*u = i + 473. What are the prime factors of u?
3, 7
Let t(x) = 1555*x**2 - x - 4. Let k(j) = -7774*j**2 + 6*j + 23. Let n(m) = 2*k(m) + 11*t(m). What are the prime factors of n(1)?
2, 3, 5, 13
Suppose -4*q + 11*q = 4*q. Suppose 5*p - 759 = b, q*p = p + 2*b - 143. What are the prime factors of p?
151
Let m be 115/46*(-1 - -27). Suppose -74*h + 5067 = -m*h. What are the prime factors of h?
563
Let f(r) = -5*r**3 + 38*r**2 + 23*r + 37. Let a(q) = 6*q**3 - 40*q**2 - 24*q - 36. Let c(p) = 6*a(p) + 7*f(p). What are the prime factors of c(-20)?
3, 701
Suppose 18*v = -15*v + 107316. List the prime factors of -5*v/(-15) - 6.
2, 7, 11
Suppose 39*l - 17249 = -k, -k + 10084 = l - 7469. What are the prime factors of k?
17, 1033
Let n be ((209 - -5) + 4)/(-1). Let p = 517 + n. List the prime factors of p.
13, 23
Suppose -f = j + 4*j - 133, -3*j - 5*f + 71 = 0. Let n = j + -201. Let u = -124 - n. What are the prime factors of u?
2, 5
Let s(k) = 3*k - 8*k + 8*k - 26 + k. Let r be s(7). Suppose 133 = 2*h + l, 3*l + 0*l = -r*h + 131. List the prime factors of h.
67
Let k(b) = 97*b**2 + 28*b + 281. List the prime factors of k(-12).
13913
List the prime factors of (-1 + -3)*(3 + 103095/(-18)).
2, 107
Let o be (-3 - -5 - (14 - 8)) + -784. Let g = -221 - o. What are the prime factors of g?
3, 7
Let x = 35895 - 14423. List the prime factors of x.
2, 11, 61
Let j = 7248 - -21723. List the prime factors of j.
3, 29, 37
Let t = 4326 + 1370. What are the prime factors of t?
2, 89
What are the prime factors of (-105)/(-9) + -14 + (-1511890)/(-30)?
2, 3, 37, 227
Let z(w) = w + 12. Let y be z(-7). Let r be 35/(-14)*(4/y)/(-1). Suppose 4*b + 2*q = 338, r*q - 27 = -b + 50. List the prime factors of b.
3, 29
Let z be 52/(-14) - 10/35. Let y be z/(-12) + 122/3. Let r = y - 29. What are the prime factors of r?
2, 3
Let s = 4954 + -3277. What are the prime factors of 1 + s/5 - 466/1165?
2, 3, 7
Suppose 15*j - 394554 = -23*j. List the prime factors of j.
3, 3461
Let s be (-40)/(-12) + (-5)/15. Suppose 3*q = -i + 171, -s*q + 378 = -3*i + 915. What are the prime factors of i?
3, 59
Let f(p) = p**2 - 55*p + 95. Let b(n) = -n**2 + 56*n - 95. Let o(z) = -2*b(z) - 3*f(z). List the prime factors of o(45).
5, 53
Let z(u) = -249*u + 12. Let q(i) = i**3 + i - 4. Let x be q(0). What are the prime factors of z(x)?
2, 3, 7
Let u = 249 - 136. Suppose 6*g - 509 = -u. Let c = 23 + g. List the prime factors of c.
89
Let t(o) = 22*o**2 + 475*o - 23. What are the prime factors of t(-34)?
47, 197
Suppose 0 = 64*y - 46*y - 19748 - 79828. What are the prime factors of y?
2, 3, 461
Suppose 3*i + 0*i + 1962 = 0. Let k(u) = 5*u**2 + 52*u + 15. Let m be k(-11). What are the prime factors of (i/8)/((-36)/m)?
109
List the prime factors of 65/(-5) + 39 + 6818.
2, 29, 59
Suppose 0 = w + 1, -5*v + 0*v + 193 = 2*w. Let m(t) = 4 + 41*t - 83*t - 3*t**3 + v*t - 4*t**2. List the prime factors of m(-3).
2, 29
Suppose 0 = m - h - 1, -4*m - 2*h = -5*m. Suppose 0 = m*p + 1156 - 1356. List the prime factors of p.
2, 5
Let s = 48 + -62. Let g(h) = -h**3 - 14*h**2 + 2. Let b be g(s). Suppose 0 = b*o + 3*o - 5*i - 1010, o - 4*i - 199 = 0. List the prime factors of o.
7, 29
Let s = -570 + 989. Suppose 3*a - 1703 = -s. What are the prime factors of a?
2, 107
Let x(g) = g**2 - 17*g + 78. Let v be x(23). Suppose -9*n + 945 = v. List the prime factors of n.
3
Suppose 9*j - 30 - 663 = 0. Let u = -53 + j. Let q = 31 - u. What are the prime factors of q?
7
Let s(u) = -6*u + 33. Let y be s(5). Suppose 104 = 2*o + y*n, -4*o + 2*n + 226 = -n. Let d = 79 + o. What are the prime factors of d?
2, 67
Suppose -81*q + 1392087 = 6*q. List the prime factors of q.
16001
Let i = -638 + 579. Let l = 265 + -181. Let h = l + i. List the prime factors of h.
5
Suppose -176*l + 689 + 95783 = -168*l. List the prime factors of l.
31, 389
Let b(x) = 654*x + 1374. List the prime factors of b(11).
2, 3, 7, 17
Suppose -3*w + 21 = -54. Suppose 21*l - 34*l = -56*l + 3354. Suppose -l = -y + w. What are the prime factors of y?
103
Let r(h) = -h**3 - 2*h**2 - 3*h - 3. Let c be r(-2). Let i be 222 + (1*-4 + c)*0. What are the prime factors of (-1)/(-4 - (-885)/i)?
2, 37
Suppose c + 3*b - 2 = 17, 4*b - 20 = 0. Suppose 0 = 9*v + 16*v - 200. Suppose c*u - 5*l + v*l - 1064 = 0, 1068 = 4*u + 2*l. List the prime factors of u.
269
Suppose 5*l - 113110 = 4*i + 43272, 3*l - 93778 = -4*i. What are the prime factors of l?
2, 5, 53, 59
Suppose -29*b = -25*b + 332. Let x = 71 + b. List the prime factors of -3 - (381/6)/(6/x).
2, 31
What are the prime factors of (-642934)/48*-6 - 6/(-96)*4?
3, 7, 43, 89
Suppose -f - 6*h = -h - 75, -3*h - 235 = -5*f. Suppose -3*t - f = -z, 3*z = -4*t + 101 - 16. Suppose -w = -z - 75. What are the prime factors of w?
2, 5, 11
Suppose -5*l + 13 = -17. What are the prime factors of ((-4)/l)/(-1) + 19969/57?
3, 13
Let s = 23 + 46. Suppose 5*g - 2*r + 171 = 0, -2*g + 9*r = 4*r + 60. Let k = s + g. What are the prime factors of k?
2, 17
Let h be (9/3 - -1)*(822 - 4). Let p be h/14 + (-22)/(-77). Suppose -p = -5*l + 166. List the prime factors of l.
2, 5
Let n(i) = i**3 + 2*i**2 - 2*i. Let a(b) = 14*b**3 + 4*b**2 - 14*b - 9. Let z(c) = a(c) - 5*n(c). List the prime factors of z(6).
3, 5, 113
Let t(m) be the first derivative of -323*m**2/2 - 2*m - 1. Let f be t(-2). Suppose 15*g - 11*g - f = 0. List the prime factors of g.
7, 23
Let x(j) = -j + 2. Let l(f) = -47*f + 21. Let w(u) = -l(u) + 2*x(u). List the prime factors of w(14).
613
Let a(j) be the second derivative of j**4/6 - 2*j**3/3 + 24*j**2 + 123*j. List the prime factors of a(21).
2, 3, 47
Suppose -6*o + p = -3*o - 7, -p + 1 = o. Let i be 1/(4*o/1352). List the prime factors of (-10)/20*(2 - (-1 + i)).
83
Let s be -4 + 42 + -3 + (2 - 2). Let n = 47 - s. Suppose 13*b - 128 = n*b. What are the prime factors of b?
2
Let q = -118 - -114. What are the prime factors of (1113/q - -1)/((-6)/24)?
1109
Let d = 12 + -9. Let r be (-1 + -3 + 4)/d. Suppose 7*f + r*f = 616. What are the prime factors of f?
2, 11
Suppose 8*s - 5*h - 12645 = 0, 9*h + 6324 = 4*s + 5*h. List the prime factors of s.
2, 5, 79
Let c be (-45 + 11)*(-86)/(-4). Let i = 2721 + c. What are the prime factors of i?
2, 5, 199
Let a = 85993 + -59934. What are the prime factors of a?
11, 23, 103
Suppose -4*j - 4*v + 77604 = 0, -51*j + 43*j + 4*v = -155244. List the prime factors of j.
2, 3, 7, 11
Let k(q) = -q**3 - 8*q**2 - 19*q - 6. Let l(t) = t**3 + 7*t**2 + 21*t + 5. Let u(r) = -2*k(r) - 3*l(r). What are the prime factors of u(-6)?
3, 61
Let l be (-4)/(-10) + ((-1568)/20)/(-4). Let z(b) = b**3 - 19*b**2 - 14*b + 8. Let i be z(l). Suppose -5*s = -3*s - i. List the prime factors of s.
2
Let v = -83 - -117. Suppose 0 = -v*i - 9453 + 35599. List the prime factors of i.
769
Suppose 151*w - 189777 = 354729. What are the prime factors of w?
2, 3, 601
List the prime factors of (5 - 8)*(-4 + (-108960)/9).
2, 31, 293
List the prime factors of 5/((-10)/(-8)) - (-14897 + 6).
3, 5, 331
Let m(a) = -263*a + 8539. What are the prime factors of m(-142)?
3, 5, 7, 19, 23
Let p(z) = -15*z 